1
(7 - (20 - (6 - 1))) + 0 - 0
-8
-5 + 21 + -12 + -39
-35
What is -7 + (-15 - (-49 - -31) - (-7 - -1))?
2
Evaluate -40 - -40 - (1 + (-4 - -2)).
1
What is 15 + 2 + (-142 - -140)?
15
Evaluate 6 + (5 - 17) + 9 + -1.
2
Evaluate -11 + 6 + -3 + 0 - 7.
-15
Calculate 7 + -12 + (5 - 3) - (-11 + -1).
9
-1 + 6 + -12 + 4 + 0 - -6
3
What is the value of -3 + -2 - -5 - -8 - -23?
31
1 + (-7 - (-10 + 2)) + 6 - -4
12
9 - 1 - -3 - (12 + -20 + 11)
8
22 + (-18 + 47 - 37)
14
Calculate 18 - (46 + -28 + -8).
8
What is -37 + 8 + 13 - -23?
7
0 + -17 + 23 - 1
5
Evaluate -62 + 37 + -2 + 14.
-13
(48 - 62) + 28 + 1
15
What is the value of -43 - (19 - 11 - 17)?
-34
-10 + 3 + 7 + 9
9
-5 + -3 + 6 + -6 + 12 - 2
2
Calculate -3 + (-8 - -12) + 6 + -1 - 29.
-23
Calculate 19 - (-20 - -34) - (4 - 1).
2
2 + 34 + -43 + (1 - 1)
-7
Evaluate -6 + 7 + -8 + 6 + -9.
-10
Calculate 15 + (-28 - (-5 - 9 - -29)).
-28
What is the value of -29 - -38 - (6 - 12)?
15
Calculate (3 - (-3 - -5 - 7)) + 0 - 22.
-14
What is -11 + (4 - (6 + (-10 - -5) - 0))?
-8
What is the value of -9 - -14 - (-7 - -2) - 11?
-1
Evaluate -16 + 29 + -14 + -17.
-18
Evaluate (17 + -40 - -17) + 4 + -1 + 22.
19
What is the value of -1 + 0 + (23 - (16 - -3)) + 14?
17
What is the value of 9 - (12 - (1 - 5))?
-7
Calculate -40 + 60 + (-55 - (2 - 9)).
-28
What is (-8 + 5 + 5 + -6 - -4) + 12?
12
-8 + (42 - 19) + -29
-14
What is 53 + (-75 - -13) + (8 - (0 + -1))?
0
Calculate -8 + -8 + -1 + -3 + 7.
-13
Evaluate 953 + -988 - (-8 - 0).
-27
Evaluate -2 + (-3 - -3) + (9 - 9 - 12).
-14
Calculate (-16 - -31) + (-19 - -10).
6
What is the value of -12 + 1 - (240 + -244)?
-7
-9 - (-9 + (-20 - -27))
-7
Evaluate -7 + 1 + (-18 - -11) + -9 + 14.
-8
What is -3 + 4 + -11 + 26 + -9?
7
What is 23 - (-5 - 9 - -49)?
-12
What is (3 - (0 + 1)) + -8 + -117 + 119?
-4
Calculate -6 - (-6 + 14 - (15 + -2)).
-1
(-2 - -3 - 9) + -6 - (6 + -5)
-15
What is -7 + -1 + (-16 - -22)?
-2
What is the value of (17 - 13) + -1 + 3 + -1?
5
Calculate -8 - (6 + -14 - (4 + -6 + -6)).
-8
Evaluate -8 + -2 + 24 + 3 + (-15 - -15).
17
Calculate 2 + -3 + -3 + 10 - (-24 + 15).
15
What is the value of -3 + (6 - (0 + 2)) - 7?
-6
What is (11 + -6 - -1) + -12 + 1 + 7?
2
Calculate 4 - (-2 - 20) - (21 + -28 + 11).
22
Calculate 243 + -188 - (35 - 2).
22
What is 11 + 8 + 1 + (22 - 32)?
10
What is -2 + 9 - (-1 - -8 - -1)?
-1
-1 + -20 + 36 + -20
-5
What is (15 + -22 - (-3 - 2)) + 8?
6
What is 3 + (7 - (6 + 5)) + -1?
-2
What is -2 + (-16 - 3) - (6 + 3)?
-30
14 + -11 + 13 + -20 - -10
6
What is the value of -19 - (-25 + (15 - 15))?
6
What is the value of -8 + (0 - (-9 - (-7 - -3)) - 8)?
-11
Evaluate -18 - -19 - (-7 + -1) - 6.
3
What is the value of (9 - 21) + (7 + -4 - 5)?
-14
Calculate (2 - 6) + (54 - 38).
12
What is the value of (1 - -7) + (-108 - -109) - 20?
-11
What is the value of 16 - ((-10 - -5) + (15 - 7))?
13
What is -29 - (1 + -16 + 13)?
-27
What is the value of -8 - (12 - (-3 + 17) - (-1 + 4))?
-3
What is the value of (-421 - -402) + (-2 - -15)?
-6
(2 + 6 + (-14 - -14) - 0) + -12
-4
Evaluate 105 + -113 + (3 - 1).
-6
What is 6 + -15 + 5 - (-11 - 4)?
11
What is -1 + 8 - (21 + -1 - (315 + -294))?
8
Calculate (-5 - (-5 - 0) - 3) + -14 + 10.
-7
(7 - (2 - (-9 - -7))) + -4
-1
3 + -14 + 7 + 8
4
(23 - 7) + (8 - 9)
15
Evaluate 81 - 76 - ((-3 - -3) + -1 - -8).
-2
Calculate (10 - 20) + 18 - 6 - (0 + 16).
-14
-13 + 14 - -3 - (-5 + -2) - -2
13
What is the value of -8 - (1 + -2) - -1 - -10?
4
What is -3 - (-6 + 12) - (5 + -17 + 7)?
-4
-12 + 19 + (7 - 35)
-21
Evaluate -101 + 92 + (0 + 17 - -2).
10
Evaluate (3 - (1 + 2 + -2)) + (-919 - -933).
16
What is -4 + -1 + 1 + (-5 - -9)?
0
Evaluate -1 + -2 + (-21 - -16) + -1.
-9
What is the value of 28 - 12 - 23 - 7?
-14
Calculate -4 - ((7 + (-5 - 3) - 6) + -7).
10
Evaluate 38 - (111 - 44) - -61.
32
Calculate 63 + -60 + 38 + -38 + 0 + 2.
5
Evaluate -8 + (-1 + -7 - (15 + -18)).
-13
Evaluate -3 + 1 - (-9 + 0 + -5 + 3).
9
Calculate (-45 - -59 - 16) + 0 + (1 - -2).
1
What is -40 - -39 - (-4 - -23)?
-20
Calculate 3 + 9 - -13 - 0.
25
Calculate 3 + -1 + -122 + 134 + (-2 - 4).
8
What is the value of 0 + 6 + (27 - 28 - 10)?
-5
Evaluate 14 - 23 - -11 - 11.
-9
What is -19 + -13 + 22 + 15?
5
(37 - (32 + -28)) + -29
4
Evaluate (-14 - (-40 + 14)) + 3.
15
Calculate -21 + 1 + (41 - 31).
-10
What is the value of 4 + -21 + (1 - 19) + 12?
-23
7 - 0 - (3 + (-54 - -24))
34
(-9 - 0) + (-55 - -61)
-3
What is 21 + (18 - 46) - (2 + 0 - 26)?
17
Evaluate -9 + 33 + -1 + -48.
-25
Evaluate 6 - 20 - (-3 + 17 + 4).
-32
(1 - (0 - -1)) + 20 + -18
2
Calculate 2 + 4 + -1 + -6.
-1
What is the value of 7 + 1 - (20 + -19)?
7
What is the value of (-4 + 5 + -2 - (14 + -16)) + 12?
13
Evaluate -31 - -6 - -11 - 5 - -5.
-14
2 + (5 - (0 - -7)) + 6 + -3
3
Calculate (0 - -19) + -228 + 157 - -15.
-37
Calculate 1 - (-2 + 17 - 21).
7
Calculate 8 - (9 + (6 - 7)) - -1.
1
What is the value of 7 - (3 - (-6 - -4))?
2
Evaluate 2 + -22 + 12 - (0 + -3).
-5
1 + -5 - (-99 - -82)
13
What is the value of 25 + (16 - 2 - 61)?
-22
-9 + 4 - -15 - 6
4
Calculate -27 - (-43 + 40 + -9 + 0 - -4).
-19
What is the value of 6 + -1 + (-7 - 1 - 6)?
-9
Evaluate -1 + (-7 - 9) - (6 - 15 - -4).
-12
Calculate -62 + 56 + (-2 - -5 - -6).
3
Calculate (-21 + (2 - 3) - (-26 - -15)) + 9.
-2
Evaluate -7 + 3 + -4 + (-1 - 7).
-16
Calculate -45 - (-21 - -4) - -16 - -12.
0
-6 + ((31 - 13) + -12 - -1)
1
What is the value of 5 + (0 + 0 - (-20 - (-9 - 7)))?
9
What is the value of (-3 - (-1 - (-2 - 6))) + 7?
-3
8 - (15 + (-11 - -15 - -4))
-15
Evaluate 1 + (-6 + (-3 - -8) - (-9 + -1)).
10
Calculate -5 + (14 + -30 - 4).
-25
Evaluate 108 + -22 + -37 - 41.
8
Evaluate (-27 - -4) + (79 - 57).
-1
What is the value of 5 + (15 + -31 - -6)?
-5
-195 + 189 - (-2 + (-18 - -2))
12
3 + -21 + 32 - (0 - (1 + -1))
14
Evaluate 8 - (0 - -4 - (5 + 0)) - 3.
6
Evaluate -20 - (-10 + -28 + 43).
-25
What is (0 - 23) + (-15 - -14 - 0 - -7)?
-17
What is the value of 2 - ((-3 - -7) + 3) - (4 - 12)?
3
What is the value of 8 + -7 + 5 + (-1 - 11) + 3?
-3
Evaluate (23 + 7 - 43) + 22.
9
Calculate 139 - 115 - (-1 - -31).
-6
What is the value of 0 + 16 + 6 + -7?
15
-4 - -37 - 3 - (-7 - -16)
21
What is -10 + 9 + -11 + 5 + 1 + -1?
-7
1 + 3 + -6 + 10 - 7 - 6
-5
What is the value of 499 + -506 - (-6 + 1 - -1)?
-3
What is the value of 12 + -8 + -22 + 16 + -21?
-23
What is 10 - 1 - (-47 + 67)?
-11
Calculate 3 + (-6 - -9) + -1 + 6.
11
What is the value of -4 + (2 + -16 - (-42 + 36))?
-12
Calculate (6 - 5 - -8 - -2) + 4 - 5.
10
What is the value of 29 - 59 - -18 - -5?
-7
What is 6 + -4 + -2 + 12 + 13?
25
Evaluate 4 - (4 + -6 + 5 - (1 + -4)).
-2
Calculate -5 - (0 + (38 + -33 - (-1 + 5))).
-6
(24 - 6 - -15) + -17
16
What is -8 + (3 + 1 + -2 + -3 - 5)?
-14
Calculate -7 + (-4 - -11) - 4 - (4 + 6).
-14
What is the value of (17 + 0 - 0) + (-62 - (-120 - -61))?
14
Evaluate -63 + (-26 - -127) - (1 - 1).
38
Calculate -9 - ((2 - -13) + -19 + 1 + -5).
-1
What is the value of -12 + (2 - 3 - (7 - 16))?
-4
Calculate (2 - 2) + (3 - -3) - (-119 + 128).
-3
Evaluate -30 + (-22 - -68) + -9 + 0.
7
What is the value of 20 + -4 + (6 - 38) + 27?
11
What is 21 - (-24 - -51) - (1 - (17 - 1))?
9
(1 - 14) + (3 - 10) + 14
-6
-19 + (47 - (-2 + 20))
10
Calculate (0 - 5) + 9 + -15.
-11
0 + (2 - 5 - 9) + 3
-9
Calculate -28 - (-30 + (-3 - -8 - -6)).
-9
Calculate -3 + 6 - ((7 - 0) + -10 - -33).
-27
What is the value of -1 + (5 + 8 - 4 - 19)?
-11
7 - (-6 - (-31 + 0)) - (41 + -30)
-29
Calculate -4 - (18 + (-18 - -8) + (-3 - 28)).
19
What is -26 + -17 + 29 + 28?
14
Calculate 9 - (4 + -2 - 5).
12
What is the value of -7 - (3 + 1 - (38 + -33))?
-6
What is (1 + 0 - -16) + -20?
-3
What is the value of -23 + 10 + 14 + (20 - -3)?
24
Calculate (-27 - -1) + -369 + 399.
4
Calculate -14 + (-16 - -11 - -26).
7
-7 + 10 + (-7 - (-22 + 8))
10
Evaluate 12 - (0 + -5 + (39 - 43)).
21
What is 0 + -30 - -15 - -5?
-10
(309 - 311) + (1 - 1) + 1
-1
What is 19 + (4 - (-6 + (8 - -6)))?
15
Calculate (349 - 330) + 0 + 1.
20
Calculate -1 + 12 + -8 + -4 - (14 - 2).
-13
What is -23 + 14 + 10 + (0 + -1 - 6)?
-6
What is -10 + 11 + -2 + (3 - 22)?
-20
What is the value of -2 - (0 - (3 - 2)) - (230 - 218)?
-13
(-7 - (4 + -5)) + 3
-3
Calculate -10 + 8 + -8 - (-2 - -2 - 4).
-6
Evaluate (0 - 0 - (-33 + 44)) + -1 + 7.
-5
Evaluate 16 + (-1 - 20 - -11).
6
Calculate 14 + -2 +